{"id":4097,"date":"2024-01-12T09:22:06","date_gmt":"2024-01-12T09:22:06","guid":{"rendered":"https:\/\/locelh2.org\/?page_id=4097"},"modified":"2024-01-16T10:47:04","modified_gmt":"2024-01-16T10:47:04","slug":"project","status":"publish","type":"page","link":"https:\/\/locelh2.org\/fr\/about\/project\/","title":{"rendered":"Le projet"},"content":{"rendered":"<section  class=\"block-hero-image block-hero-image-small\" style=\"\">\n    <div class=\"container\">\n                        <h1>Le projet<\/h1>\n                        <\/div><!-- .container -->\n<\/section><!-- .block-hero-image -->\n\n\n<section class=\"block-about-content\">\n    <div class=\"container\">\n        <div class=\"about-content-wrapper\">\n            <div class=\"about-content-part\">\n                <div class=\"about-content-title\">\n                                            <h2>Objectifs et chronologie<\/h2>\n                                    <\/div><!-- .about-content-title -->\n                <div class=\"about-content-text\">\n                                            <p style=\"font-size: 20px;\">LoCEL-H2 est un projet innovant de quatre ans soutenu par <strong><a href=\"https:\/\/research-and-innovation.ec.europa.eu\/funding\/funding-opportunities\/funding-programmes-and-open-calls\/horizon-europe_en\" target=\"_blank\" rel=\"noopener\">Horizon Europe.<\/a><\/strong> Ce projet, qui a d\u00e9but\u00e9 en janvier 2023, va cr\u00e9er un syst\u00e8me de micro-r\u00e9seau \u00e9volutif pour soutenir les communaut\u00e9s isol\u00e9es qui manquent de sources d'\u00e9nergie constantes pour l'\u00e9lectricit\u00e9 et la cuisson propre.<\/p>\n<p style=\"font-size: 20px;\">Avec la <a href=\"https:\/\/locelh2.org\/fr\/innovation\/\" target=\"_self\" rel=\"noopener\"><strong>nouvelle solution \u00e9nerg\u00e9tique<\/strong><\/a> en d\u00e9veloppement, comprenant la production d'\u00e9nergie solaire photovolta\u00efque, un syst\u00e8me avanc\u00e9 bas\u00e9 sur des batteries au plomb pour le stockage d'\u00e9nergie et un \u00ab battolyser \u00bb (\u00e9lectrolyseur combin\u00e9 avec des batterie au plomb) produisant de l'hydrog\u00e8ne vert \u00e0 utiliser comme combustible de cuisson propre, LoCEL-H2 fournira une source d'\u00e9nergie renouvelable, abordable et flexible pour les communaut\u00e9s qui n'ont pas acc\u00e8s \u00e0 une infrastructure fiable.<\/p>\n                                    <\/div><!-- .about-content-text -->\n            <\/div><!-- .about-content-part -->\n            <div class=\"about-content-part\">\n                                    <div class=\"about-content-co-funded\">\n                                                <p><\/p>\n                    <\/div><!-- .about-content-co-funded -->\n                                                    <div class=\"about-content-image\">\n                        <img loading=\"lazy\" decoding=\"async\" width=\"1024\" height=\"640\" src=\"https:\/\/locelh2.org\/wp-content\/uploads\/2024\/01\/LoCEL-timeline-1024x640.png\" class=\"attachment-large size-large\" alt=\"\" srcset=\"https:\/\/locelh2.org\/wp-content\/uploads\/2024\/01\/LoCEL-timeline-1024x640.png 1024w, https:\/\/locelh2.org\/wp-content\/uploads\/2024\/01\/LoCEL-timeline-300x187.png 300w, https:\/\/locelh2.org\/wp-content\/uploads\/2024\/01\/LoCEL-timeline-768x480.png 768w, https:\/\/locelh2.org\/wp-content\/uploads\/2024\/01\/LoCEL-timeline-1536x960.png 1536w, https:\/\/locelh2.org\/wp-content\/uploads\/2024\/01\/LoCEL-timeline-176x110.png 176w, https:\/\/locelh2.org\/wp-content\/uploads\/2024\/01\/LoCEL-timeline-102x64.png 102w, https:\/\/locelh2.org\/wp-content\/uploads\/2024\/01\/LoCEL-timeline-42x26.png 42w, https:\/\/locelh2.org\/wp-content\/uploads\/2024\/01\/LoCEL-timeline-271x169.png 271w, https:\/\/locelh2.org\/wp-content\/uploads\/2024\/01\/LoCEL-timeline-824x515.png 824w, https:\/\/locelh2.org\/wp-content\/uploads\/2024\/01\/LoCEL-timeline-298x186.png 298w, https:\/\/locelh2.org\/wp-content\/uploads\/2024\/01\/LoCEL-timeline-1002x626.png 1002w, https:\/\/locelh2.org\/wp-content\/uploads\/2024\/01\/LoCEL-timeline-370x231.png 370w, https:\/\/locelh2.org\/wp-content\/uploads\/2024\/01\/LoCEL-timeline-525x328.png 525w, https:\/\/locelh2.org\/wp-content\/uploads\/2024\/01\/LoCEL-timeline-114x71.png 114w, https:\/\/locelh2.org\/wp-content\/uploads\/2024\/01\/LoCEL-timeline-270x169.png 270w, https:\/\/locelh2.org\/wp-content\/uploads\/2024\/01\/LoCEL-timeline-154x96.png 154w, https:\/\/locelh2.org\/wp-content\/uploads\/2024\/01\/LoCEL-timeline-117x73.png 117w, https:\/\/locelh2.org\/wp-content\/uploads\/2024\/01\/LoCEL-timeline-128x80.png 128w, https:\/\/locelh2.org\/wp-content\/uploads\/2024\/01\/LoCEL-timeline-311x194.png 311w, https:\/\/locelh2.org\/wp-content\/uploads\/2024\/01\/LoCEL-timeline-160x100.png 160w, https:\/\/locelh2.org\/wp-content\/uploads\/2024\/01\/LoCEL-timeline-705x440.png 705w, https:\/\/locelh2.org\/wp-content\/uploads\/2024\/01\/LoCEL-timeline-585x365.png 585w, https:\/\/locelh2.org\/wp-content\/uploads\/2024\/01\/LoCEL-timeline-390x244.png 390w, https:\/\/locelh2.org\/wp-content\/uploads\/2024\/01\/LoCEL-timeline-452x282.png 452w, https:\/\/locelh2.org\/wp-content\/uploads\/2024\/01\/LoCEL-timeline-60x37.png 60w, https:\/\/locelh2.org\/wp-content\/uploads\/2024\/01\/LoCEL-timeline-688x430.png 688w, https:\/\/locelh2.org\/wp-content\/uploads\/2024\/01\/LoCEL-timeline-325x203.png 325w, https:\/\/locelh2.org\/wp-content\/uploads\/2024\/01\/LoCEL-timeline-111x69.png 111w, https:\/\/locelh2.org\/wp-content\/uploads\/2024\/01\/LoCEL-timeline-62x39.png 62w, https:\/\/locelh2.org\/wp-content\/uploads\/2024\/01\/LoCEL-timeline-156x97.png 156w, https:\/\/locelh2.org\/wp-content\/uploads\/2024\/01\/LoCEL-timeline.png 1567w\" sizes=\"auto, (max-width: 1024px) 100vw, 1024px\" \/>                    <\/div><!-- .about-content-image -->\n                            <\/div><!-- .about-content-part -->\n        <\/div><!-- .about-content-wrapper -->\n            <\/div><!-- .container -->\n<\/section><!-- .block-about-content -->\n\n\n<section class=\"block-facts\">\n    <!-- <div class=\"circle-deco\"><\/div> -->\n    <div class=\"container\">\n                    <h2>De plus, LoCEL-H2 pr\u00e9voit de<\/h2>\n                <div class=\"block-facts-under-title\">\n                                <\/div>\n\n                    <div class=\"fact-blocks fact-blocks-desktop\">\n                <div class=\"fact-blocks-wrap\">\n                    <div class=\"fact-blocks-container\">\n\n                                                    <div class=\"fact-block-content-wrap\">\n                                                                <div class=\"fact-block-content fact-content-light fact-content-icon  block-pos-normal\">\n                                    <div class=\"fact-block-bg\"><\/div>\n                                    <div class=\"fact-block-text-icon\">\n                                                                                    <img decoding=\"async\" src=\"https:\/\/locelh2.org\/wp-content\/uploads\/2023\/05\/icons.png\" alt=\"\">\n                                                                                <p>Surveiller l'impact des technologies d\u00e9velopp\u00e9es lors du projet sur la qualit\u00e9 de l'air et sur la vie, la sant\u00e9 et le statut des femmes de ces communaut\u00e9s<\/p>\n                                    <\/div>\n\n                                <\/div><!-- .fact-block-content -->\n                            <\/div><!-- .fact-block-content-wrap -->\n                                                    <div class=\"fact-block-content-wrap\">\n                                                                <div class=\"fact-block-content fact-content-dark fact-content-icon  block-pos-down\">\n                                    <div class=\"fact-block-bg\"><\/div>\n                                    <div class=\"fact-block-text-icon\">\n                                                                                    <img decoding=\"async\" src=\"https:\/\/locelh2.org\/wp-content\/uploads\/2023\/05\/icons-1.png\" alt=\"\">\n                                                                                <p>Utiliser la surveillance du cloud (gr\u00e2ce \u00e0 l\u2019intelligence num\u00e9rique et artificielle) pour am\u00e9liorer continuellement la fiabilit\u00e9 et l\u2019optimisation op\u00e9rationnelle du syst\u00e8me \u00e9nerg\u00e9tique.<\/p>\n                                    <\/div>\n\n                                <\/div><!-- .fact-block-content -->\n                            <\/div><!-- .fact-block-content-wrap -->\n                                                    <div class=\"fact-block-content-wrap\">\n                                                                <div class=\"fact-block-content fact-content-light fact-content-icon  block-pos-middle\">\n                                    <div class=\"fact-block-bg\"><\/div>\n                                    <div class=\"fact-block-text-icon\">\n                                                                                    <img decoding=\"async\" src=\"https:\/\/locelh2.org\/wp-content\/uploads\/2023\/05\/icons-2.png\" alt=\"\">\n                                                                                <p>Contribuer positivement \u00e0 la croissance \u00e9conomique de ces communaut\u00e9s en cr\u00e9ant et en mettant en \u0153uvre un mod\u00e8le abordable et durable pour r\u00e9pondre aux besoins \u00e9volutifs d\u2019un micro-r\u00e9seau int\u00e9gr\u00e9 et d\u2019une technologie de stockage d\u2019\u00e9nergie multi-source.<\/p>\n                                    <\/div>\n\n                                <\/div><!-- .fact-block-content -->\n                            <\/div><!-- .fact-block-content-wrap -->\n                        \n                    <\/div><!-- .fact-blocks-container -->\n                <\/div><!-- .fact-blocks-wrap -->\n            <\/div><!-- .fact-blocks -->\n            <\/div><!-- .container -->\n<\/section><!-- .block-facts -->\n\n<section class=\"block-title-text-background with-decoration-image\">\n    <div class=\"container\">\n        <div class=\"text-wrap\">\n                            <h2>O\u00f9 la solution sera-t-elle d\u00e9ploy\u00e9e ?<\/h2>\n                        <p>LoCEL-H2 m\u00e8nera deux programmes pilotes, l'un situ\u00e9 en Zambie et l'autre en C\u00f4te d'Ivoire, pour environ 30 m\u00e9nages et entreprises (par communaut\u00e9). La solution \u00e9nerg\u00e9tique se concentre \u00e0 la fois sur les besoins en \u00e9nergie \u00e9lectrique et en combustible propre et est facilement extensible \u00e0 n\u2019importe quel nombre d\u2019unit\u00e9s en fonction des besoins de la communaut\u00e9.<\/p>\n                            <div class=\"decoration-image-wrapper\">\n                    <img decoding=\"async\" src=\"https:\/\/locelh2.org\/wp-content\/themes\/locel\/assets\/images\/sun.svg\" alt=\"sun\">\n                <\/div>\n                    <\/div><!-- .text-wrap -->\n    <\/div><!-- .container -->\n<\/section><!-- .block-title-text-background -->","protected":false},"excerpt":{"rendered":"","protected":false},"author":16,"featured_media":0,"parent":29,"menu_order":0,"comment_status":"closed","ping_status":"closed","template":"","meta":{"_acf_changed":false,"inline_featured_image":false,"footnotes":""},"class_list":["post-4097","page","type-page","status-publish","hentry"],"acf":[],"_links":{"self":[{"href":"https:\/\/locelh2.org\/fr\/wp-json\/wp\/v2\/pages\/4097","targetHints":{"allow":["GET"]}}],"collection":[{"href":"https:\/\/locelh2.org\/fr\/wp-json\/wp\/v2\/pages"}],"about":[{"href":"https:\/\/locelh2.org\/fr\/wp-json\/wp\/v2\/types\/page"}],"author":[{"embeddable":true,"href":"https:\/\/locelh2.org\/fr\/wp-json\/wp\/v2\/users\/16"}],"replies":[{"embeddable":true,"href":"https:\/\/locelh2.org\/fr\/wp-json\/wp\/v2\/comments?post=4097"}],"version-history":[{"count":0,"href":"https:\/\/locelh2.org\/fr\/wp-json\/wp\/v2\/pages\/4097\/revisions"}],"up":[{"embeddable":true,"href":"https:\/\/locelh2.org\/fr\/wp-json\/wp\/v2\/pages\/29"}],"wp:attachment":[{"href":"https:\/\/locelh2.org\/fr\/wp-json\/wp\/v2\/media?parent=4097"}],"curies":[{"name":"wp","href":"https:\/\/api.w.org\/{rel}","templated":true}]}}

<section  class="block-hero-image block-hero-image-small" style="">
    <div class="container">
                        <h1>Le projet</h1>
                        </div><!-- .container -->
</section><!-- .block-hero-image -->


<section class="block-about-content">
    <div class="container">
        <div class="about-content-wrapper">
            <div class="about-content-part">
                <div class="about-content-title">
                                            <h2>Objectifs et chronologie</h2>
                                    </div><!-- .about-content-title -->
                <div class="about-content-text">
                                            <p style="font-size: 20px;">LoCEL-H2 est un projet innovant de quatre ans soutenu par <strong><a href="https://research-and-innovation.ec.europa.eu/funding/funding-opportunities/funding-programmes-and-open-calls/horizon-europe_en" target="_blank" rel="noopener">Horizon Europe.</a></strong> Ce projet, qui a débuté en janvier 2023, va créer un système de micro-réseau évolutif pour soutenir les communautés isolées qui manquent de sources d'énergie constantes pour l'électricité et la cuisson propre.</p>
<p style="font-size: 20px;">Avec la <a href="https://locelh2.org/fr/innovation/" target="_self" rel="noopener"><strong>nouvelle solution énergétique</strong></a> en développement, comprenant la production d'énergie solaire photovoltaïque, un système avancé basé sur des batteries au plomb pour le stockage d'énergie et un « battolyser » (électrolyseur combiné avec des batterie au plomb) produisant de l'hydrogène vert à utiliser comme combustible de cuisson propre, LoCEL-H2 fournira une source d'énergie renouvelable, abordable et flexible pour les communautés qui n'ont pas accès à une infrastructure fiable.</p>
                                    </div><!-- .about-content-text -->
            </div><!-- .about-content-part -->
            <div class="about-content-part">
                                    <div class="about-content-co-funded">
                                                <p></p>
                    </div><!-- .about-content-co-funded -->
                                                    <div class="about-content-image">
                        <img loading="lazy" decoding="async" width="1024" height="640" src="https://locelh2.org/wp-content/uploads/2024/01/LoCEL-timeline-1024x640.png" class="attachment-large size-large" alt="" srcset="https://locelh2.org/wp-content/uploads/2024/01/LoCEL-timeline-1024x640.png 1024w, https://locelh2.org/wp-content/uploads/2024/01/LoCEL-timeline-300x187.png 300w, https://locelh2.org/wp-content/uploads/2024/01/LoCEL-timeline-768x480.png 768w, https://locelh2.org/wp-content/uploads/2024/01/LoCEL-timeline-1536x960.png 1536w, https://locelh2.org/wp-content/uploads/2024/01/LoCEL-timeline-176x110.png 176w, https://locelh2.org/wp-content/uploads/2024/01/LoCEL-timeline-102x64.png 102w, https://locelh2.org/wp-content/uploads/2024/01/LoCEL-timeline-42x26.png 42w, https://locelh2.org/wp-content/uploads/2024/01/LoCEL-timeline-271x169.png 271w, https://locelh2.org/wp-content/uploads/2024/01/LoCEL-timeline-824x515.png 824w, https://locelh2.org/wp-content/uploads/2024/01/LoCEL-timeline-298x186.png 298w, https://locelh2.org/wp-content/uploads/2024/01/LoCEL-timeline-1002x626.png 1002w, https://locelh2.org/wp-content/uploads/2024/01/LoCEL-timeline-370x231.png 370w, https://locelh2.org/wp-content/uploads/2024/01/LoCEL-timeline-525x328.png 525w, https://locelh2.org/wp-content/uploads/2024/01/LoCEL-timeline-114x71.png 114w, https://locelh2.org/wp-content/uploads/2024/01/LoCEL-timeline-270x169.png 270w, https://locelh2.org/wp-content/uploads/2024/01/LoCEL-timeline-154x96.png 154w, https://locelh2.org/wp-content/uploads/2024/01/LoCEL-timeline-117x73.png 117w, https://locelh2.org/wp-content/uploads/2024/01/LoCEL-timeline-128x80.png 128w, https://locelh2.org/wp-content/uploads/2024/01/LoCEL-timeline-311x194.png 311w, https://locelh2.org/wp-content/uploads/2024/01/LoCEL-timeline-160x100.png 160w, https://locelh2.org/wp-content/uploads/2024/01/LoCEL-timeline-705x440.png 705w, https://locelh2.org/wp-content/uploads/2024/01/LoCEL-timeline-585x365.png 585w, https://locelh2.org/wp-content/uploads/2024/01/LoCEL-timeline-390x244.png 390w, https://locelh2.org/wp-content/uploads/2024/01/LoCEL-timeline-452x282.png 452w, https://locelh2.org/wp-content/uploads/2024/01/LoCEL-timeline-60x37.png 60w, https://locelh2.org/wp-content/uploads/2024/01/LoCEL-timeline-688x430.png 688w, https://locelh2.org/wp-content/uploads/2024/01/LoCEL-timeline-325x203.png 325w, https://locelh2.org/wp-content/uploads/2024/01/LoCEL-timeline-111x69.png 111w, https://locelh2.org/wp-content/uploads/2024/01/LoCEL-timeline-62x39.png 62w, https://locelh2.org/wp-content/uploads/2024/01/LoCEL-timeline-156x97.png 156w, https://locelh2.org/wp-content/uploads/2024/01/LoCEL-timeline.png 1567w" sizes="auto, (max-width: 1024px) 100vw, 1024px" />                    </div><!-- .about-content-image -->
                            </div><!-- .about-content-part -->
        </div><!-- .about-content-wrapper -->
            </div><!-- .container -->
</section><!-- .block-about-content -->


<section class="block-facts">
    <!-- <div class="circle-deco"></div> -->
    <div class="container">
                    <h2>De plus, LoCEL-H2 prévoit de</h2>
                <div class="block-facts-under-title">
                                </div>

                    <div class="fact-blocks fact-blocks-desktop">
                <div class="fact-blocks-wrap">
                    <div class="fact-blocks-container">

                                                    <div class="fact-block-content-wrap">
                                                                <div class="fact-block-content fact-content-light fact-content-icon  block-pos-normal">
                                    <div class="fact-block-bg"></div>
                                    <div class="fact-block-text-icon">
                                                                                    <img decoding="async" src="https://locelh2.org/wp-content/uploads/2023/05/icons.png" alt="">
                                                                                <p>Surveiller l'impact des technologies développées lors du projet sur la qualité de l'air et sur la vie, la santé et le statut des femmes de ces communautés</p>
                                    </div>

                                </div><!-- .fact-block-content -->
                            </div><!-- .fact-block-content-wrap -->
                                                    <div class="fact-block-content-wrap">
                                                                <div class="fact-block-content fact-content-dark fact-content-icon  block-pos-down">
                                    <div class="fact-block-bg"></div>
                                    <div class="fact-block-text-icon">
                                                                                    <img decoding="async" src="https://locelh2.org/wp-content/uploads/2023/05/icons-1.png" alt="">
                                                                                <p>Utiliser la surveillance du cloud (grâce à l’intelligence numérique et artificielle) pour améliorer continuellement la fiabilité et l’optimisation opérationnelle du système énergétique.</p>
                                    </div>

                                </div><!-- .fact-block-content -->
                            </div><!-- .fact-block-content-wrap -->
                                                    <div class="fact-block-content-wrap">
                                                                <div class="fact-block-content fact-content-light fact-content-icon  block-pos-middle">
                                    <div class="fact-block-bg"></div>
                                    <div class="fact-block-text-icon">
                                                                                    <img decoding="async" src="https://locelh2.org/wp-content/uploads/2023/05/icons-2.png" alt="">
                                                                                <p>Contribuer positivement à la croissance économique de ces communautés en créant et en mettant en œuvre un modèle abordable et durable pour répondre aux besoins évolutifs d’un micro-réseau intégré et d’une technologie de stockage d’énergie multi-source.</p>
                                    </div>

                                </div><!-- .fact-block-content -->
                            </div><!-- .fact-block-content-wrap -->
                        
                    </div><!-- .fact-blocks-container -->
                </div><!-- .fact-blocks-wrap -->
            </div><!-- .fact-blocks -->
            </div><!-- .container -->
</section><!-- .block-facts -->

<section class="block-title-text-background with-decoration-image">
    <div class="container">
        <div class="text-wrap">
                            <h2>Où la solution sera-t-elle déployée ?</h2>
                        <p>LoCEL-H2 mènera deux programmes pilotes, l'un situé en Zambie et l'autre en Côte d'Ivoire, pour environ 30 ménages et entreprises (par communauté). La solution énergétique se concentre à la fois sur les besoins en énergie électrique et en combustible propre et est facilement extensible à n’importe quel nombre d’unités en fonction des besoins de la communauté.</p>
                            <div class="decoration-image-wrapper">
                    <img decoding="async" src="https://locelh2.org/wp-content/themes/locel/assets/images/sun.svg" alt="sun">
                </div>
                    </div><!-- .text-wrap -->
    </div><!-- .container -->
</section><!-- .block-title-text-background -->
